{"id":635,"date":"2018-02-21T11:38:40","date_gmt":"2018-02-21T11:38:40","guid":{"rendered":"https:\/\/lamthi.com\/?page_id=635"},"modified":"2020-02-14T15:59:56","modified_gmt":"2020-02-14T15:59:56","slug":"pishina","status":"publish","type":"page","link":"https:\/\/lamthi.com\/index.php\/pishina\/","title":{"rendered":"Pishina"},"content":{"rendered":"<div class=\"wpb-content-wrapper\"><p>[vc_row css_animation=&#8221;&#8221; row_type=&#8221;row&#8221; use_row_as_full_screen_section=&#8221;no&#8221; type=&#8221;full_width&#8221; angled_section=&#8221;no&#8221; text_align=&#8221;left&#8221; background_image_as_pattern=&#8221;without_pattern&#8221;][vc_column]<div class=\"woocommerce columns-4\"><ul class=\"products clearfix\"><li class=\"product-category product first\">\n\t<a aria-label=\"Visit product category Aksesor\u00eb t\u00eb jasht\u00ebm\" href=\"https:\/\/lamthi.com\/index.php\/product-category\/pishina\/aksesore-te-jashtem\/\"><img loading=\"lazy\" decoding=\"async\" src=\"https:\/\/lamthi.com\/wp-content\/uploads\/2018\/02\/trapilin-2-300x300.png\" alt=\"Aksesor\u00eb t\u00eb jasht\u00ebm\" width=\"300\" height=\"300\" srcset=\"https:\/\/lamthi.com\/wp-content\/uploads\/2018\/02\/trapilin-2-300x300.png 300w, https:\/\/lamthi.com\/wp-content\/uploads\/2018\/02\/trapilin-2-150x150.png 150w\" sizes=\"auto, (max-width: 300px) 100vw, 300px\" \/>\t\t<h2 class=\"woocommerce-loop-category__title\">\n\t\t\tAksesor\u00eb t\u00eb jasht\u00ebm <mark class=\"count\">(6)<\/mark>\t\t<\/h2>\n\t\t<\/a><\/li>\n<li class=\"product-category product\">\n\t<a aria-label=\"Visit product category Aksesor\u00eb dekorimi p\u00ebr pishina\" href=\"https:\/\/lamthi.com\/index.php\/product-category\/pishina\/aksesore-dekorimi-per-pishina\/\"><img loading=\"lazy\" decoding=\"async\" src=\"https:\/\/lamthi.com\/wp-content\/uploads\/2018\/02\/grile-pishine-2-300x300.png\" alt=\"Aksesor\u00eb dekorimi p\u00ebr pishina\" width=\"300\" height=\"300\" srcset=\"https:\/\/lamthi.com\/wp-content\/uploads\/2018\/02\/grile-pishine-2-300x300.png 300w, https:\/\/lamthi.com\/wp-content\/uploads\/2018\/02\/grile-pishine-2-150x150.png 150w\" sizes=\"auto, (max-width: 300px) 100vw, 300px\" \/>\t\t<h2 class=\"woocommerce-loop-category__title\">\n\t\t\tAksesor\u00eb dekorimi p\u00ebr pishina <mark class=\"count\">(2)<\/mark>\t\t<\/h2>\n\t\t<\/a><\/li>\n<li class=\"product-category product\">\n\t<a aria-label=\"Visit product category Materiale elektrike pishine\" href=\"https:\/\/lamthi.com\/index.php\/product-category\/pishina\/materiale-elektrike-pishine\/\"><img loading=\"lazy\" decoding=\"async\" src=\"https:\/\/lamthi.com\/wp-content\/uploads\/2018\/02\/centralino-elektrike-300x300.png\" alt=\"Materiale elektrike pishine\" width=\"300\" height=\"300\" srcset=\"https:\/\/lamthi.com\/wp-content\/uploads\/2018\/02\/centralino-elektrike-300x300.png 300w, https:\/\/lamthi.com\/wp-content\/uploads\/2018\/02\/centralino-elektrike-150x150.png 150w\" sizes=\"auto, (max-width: 300px) 100vw, 300px\" \/>\t\t<h2 class=\"woocommerce-loop-category__title\">\n\t\t\tMateriale elektrike pishine <mark class=\"count\">(2)<\/mark>\t\t<\/h2>\n\t\t<\/a><\/li>\n<li class=\"product-category product last\">\n\t<a aria-label=\"Visit product category Aksesor\u00eb t\u00eb brendsh\u00ebm pishine\" href=\"https:\/\/lamthi.com\/index.php\/product-category\/pishina\/aksesore-te-brendshem-pishine\/\"><img loading=\"lazy\" decoding=\"async\" src=\"https:\/\/lamthi.com\/wp-content\/uploads\/2018\/02\/skimmer-1.-300x300.png\" alt=\"Aksesor\u00eb t\u00eb brendsh\u00ebm pishine\" width=\"300\" height=\"300\" srcset=\"https:\/\/lamthi.com\/wp-content\/uploads\/2018\/02\/skimmer-1.-300x300.png 300w, https:\/\/lamthi.com\/wp-content\/uploads\/2018\/02\/skimmer-1.-150x150.png 150w\" sizes=\"auto, (max-width: 300px) 100vw, 300px\" \/>\t\t<h2 class=\"woocommerce-loop-category__title\">\n\t\t\tAksesor\u00eb t\u00eb brendsh\u00ebm pishine <mark class=\"count\">(10)<\/mark>\t\t<\/h2>\n\t\t<\/a><\/li>\n<li class=\"product-category product first\">\n\t<a aria-label=\"Visit product category Pompa\" href=\"https:\/\/lamthi.com\/index.php\/product-category\/pishina\/pompa\/\"><img loading=\"lazy\" decoding=\"async\" src=\"https:\/\/lamthi.com\/wp-content\/uploads\/2018\/02\/saci-magnus-300x300.png\" alt=\"Pompa\" width=\"300\" height=\"300\" srcset=\"https:\/\/lamthi.com\/wp-content\/uploads\/2018\/02\/saci-magnus-300x300.png 300w, https:\/\/lamthi.com\/wp-content\/uploads\/2018\/02\/saci-magnus-150x150.png 150w\" sizes=\"auto, (max-width: 300px) 100vw, 300px\" \/>\t\t<h2 class=\"woocommerce-loop-category__title\">\n\t\t\tPompa <mark class=\"count\">(2)<\/mark>\t\t<\/h2>\n\t\t<\/a><\/li>\n<li class=\"product-category product\">\n\t<a aria-label=\"Visit product category Filtrimi i Pishin\u00ebs\" href=\"https:\/\/lamthi.com\/index.php\/product-category\/pishina\/filtrimi-i-pishines\/\"><img loading=\"lazy\" decoding=\"async\" src=\"https:\/\/lamthi.com\/wp-content\/uploads\/2018\/02\/filtra-privat-dhe-publik-300x300.png\" alt=\"Filtrimi i Pishin\u00ebs\" width=\"300\" height=\"300\" srcset=\"https:\/\/lamthi.com\/wp-content\/uploads\/2018\/02\/filtra-privat-dhe-publik-300x300.png 300w, https:\/\/lamthi.com\/wp-content\/uploads\/2018\/02\/filtra-privat-dhe-publik-150x150.png 150w\" sizes=\"auto, (max-width: 300px) 100vw, 300px\" \/>\t\t<h2 class=\"woocommerce-loop-category__title\">\n\t\t\tFiltrimi i Pishin\u00ebs <mark class=\"count\">(2)<\/mark>\t\t<\/h2>\n\t\t<\/a><\/li>\n<\/ul>\n<\/div>[\/vc_column][\/vc_row]<\/p>\n<\/div>","protected":false},"excerpt":{"rendered":"<p>[vc_row css_animation=&#8221;&#8221; row_type=&#8221;row&#8221; use_row_as_full_screen_section=&#8221;no&#8221; type=&#8221;full_width&#8221; angled_section=&#8221;no&#8221; text_align=&#8221;left&#8221; background_image_as_pattern=&#8221;without_pattern&#8221;][vc_column][\/vc_column][\/vc_row]<\/p>\n","protected":false},"author":3,"featured_media":0,"parent":0,"menu_order":0,"comment_status":"closed","ping_status":"closed","template":"","meta":{"footnotes":""},"class_list":["post-635","page","type-page","status-publish","hentry"],"_links":{"self":[{"href":"https:\/\/lamthi.com\/index.php\/wp-json\/wp\/v2\/pages\/635","targetHints":{"allow":["GET"]}}],"collection":[{"href":"https:\/\/lamthi.com\/index.php\/wp-json\/wp\/v2\/pages"}],"about":[{"href":"https:\/\/lamthi.com\/index.php\/wp-json\/wp\/v2\/types\/page"}],"author":[{"embeddable":true,"href":"https:\/\/lamthi.com\/index.php\/wp-json\/wp\/v2\/users\/3"}],"replies":[{"embeddable":true,"href":"https:\/\/lamthi.com\/index.php\/wp-json\/wp\/v2\/comments?post=635"}],"version-history":[{"count":6,"href":"https:\/\/lamthi.com\/index.php\/wp-json\/wp\/v2\/pages\/635\/revisions"}],"predecessor-version":[{"id":1317,"href":"https:\/\/lamthi.com\/index.php\/wp-json\/wp\/v2\/pages\/635\/revisions\/1317"}],"wp:attachment":[{"href":"https:\/\/lamthi.com\/index.php\/wp-json\/wp\/v2\/media?parent=635"}],"curies":[{"name":"wp","href":"https:\/\/api.w.org\/{rel}","templated":true}]}}